0010 - 123?
-1220133
In base 10, what is 36 + -439?
-403
In base 2, what is 11101011101011 - 0?
11101011101011
In base 7, what is -15 - -36463?
36445
In base 12, what is -15 + -3634?
-3649
In base 16, what is -4 + 1ba6f7?
1ba6f3
In base 7, what is -12400 - 10?
-12410
In base 2, what is 10011111 + -1100010011?
-1001110100
In base 4, what is 10 - 1220003313?
-1220003303
In base 16, what is 13400 - 2?
133fe
In base 6, what is 1225231 + -2?
1225225
In base 12, what is 15 + -26584?
-2656b
In base 7, what is -5 - -1621256?
1621251
In base 6, what is 2 + -1105513?
-1105511
In base 2, what is 10000011000011 + 100100?
10000011100111
In base 4, what is -1 + -1012331?
-1012332
In base 5, what is -2143211 - 4?
-2143220
In base 12, what is -310aa + 4?
-310a6
In base 11, what is -4934 + -799?
-5622
In base 6, what is -301521 + -322?
-302243
In base 14, what is -14 - -363?
34d
In base 7, what is 1365464 - -4?
1365501
In base 12, what is -1a3 - 1737?
-191a
In base 3, what is -101011111 + -1?
-101011112
In base 12, what is -437 - -29?
-40a
In base 3, what is -1 - -202002011?
202002010
In base 7, what is 1053355 + 1?
1053356
In base 8, what is -160730 - -5?
-160723
In base 11, what is -1544041 + -4?
-1544045
In base 11, what is 17932 + a?
17941
In base 6, what is -5 - -10011110?
10011101
In base 15, what is -2 - 1b3c1a?
-1b3c1c
In base 3, what is 11101 + -1200200?
-1112022
In base 4, what is 3002212121 + -1?
3002212120
In base 5, what is -110320 + 1022?
-104243
In base 5, what is -420331 - 32?
-420413
In base 4, what is -110003020 + 11?
-110003003
In base 11, what is -25939 + 5?
-25934
In base 13, what is 7931 - 2?
792c
In base 2, what is 1110111011100010 - -100101?
1110111100000111
In base 7, what is 25351456 - 4?
25351452
In base 2, what is 100010111 + -1001101?
11001010
In base 5, what is -113 + -313301?
-313414
In base 14, what is -15d + 39?
-124
In base 12, what is 154350 + -3?
154349
In base 15, what is -aad + -70?
-b2d
In base 12, what is 7b766 + -5?
7b761
In base 6, what is 1411 - 313?
1054
In base 15, what is 4 - -76a?
76e
In base 12, what is -7a5 + 19?
-788
In base 7, what is 2 - 1065244?
-1065242
In base 8, what is -11 + -7765?
-7776
In base 13, what is -ab + 60c?
531
In base 8, what is -127372 - 3?
-127375
In base 16, what is -5 + -35dc?
-35e1
In base 2, what is -1010010011101100 + 1011?
-1010010011100001
In base 10, what is 490327 - -2?
490329
In base 6, what is -1 + -12525203?
-12525204
In base 9, what is 346288 - -6?
346305
In base 13, what is -268120 + 5?
-268118
In base 12, what is -6 - 1410a?
-14114
In base 5, what is -3202 - 120032?
-123234
In base 9, what is 0 + 371030?
371030
In base 13, what is 3c + 20?
5c
In base 7, what is -65605 + 253?
-65322
In base 11, what is 45a9561 - 4?
45a9558
In base 6, what is 1 - 142320?
-142315
In base 8, what is 10 - -3417?
3427
In base 2, what is -1011010100011011 + -101?
-1011010100100000
In base 11, what is -478 + -56?
-523
In base 4, what is -311 - -3212?
2301
In base 4, what is 31001232 - 1?
31001231
In base 4, what is -30000211 - -10?
-30000201
In base 16, what is 5b + 90?
eb
In base 14, what is -2 - -1dc00?
1dbdc
In base 5, what is -412 - 310313?
-311230
In base 14, what is 23 + 46?
69
In base 8, what is -1572123 - -2?
-1572121
In base 8, what is -32 - 445746?
-446000
In base 2, what is -11001101101 - -1001?
-11001100100
In base 9, what is 4 + 573164?
573168
In base 13, what is 0 + -97458?
-97458
In base 16, what is 1a - 6c74?
-6c5a
In base 5, what is -3 + -243433133?
-243433141
In base 2, what is -10 - 1101001100001001?
-1101001100001011
In base 4, what is 22113020 - 23?
22112331
In base 6, what is -5243 - -244?
-4555
In base 4, what is -220 + -1230333?
-1231213
In base 4, what is 10 - -10230112031?
10230112101
In base 11, what is 77506 + -1?
77505
In base 15, what is -6c + -18?
-85
In base 12, what is 2247 + 9?
2254
In base 9, what is 212786 - -4?
212801
In base 15, what is -80 - -2654?
25c4
In base 9, what is 444 + -567?
-123
In base 14, what is -70205 - 1?
-70206
In base 12, what is -16a + -ba0?
-114a
In base 10, what is 8 + -28587?
-28579
In base 12, what is 42088 - -3?
4208b
In base 12, what is 3 - 50a1?
-509a
In base 9, what is -2 - 140472?
-140474
In base 9, what is -3 - 10350?
-10353
In base 8, what is 1143 - -1215?
2360
In base 9, what is 14367 - -4?
14372
In base 12, what is 1b83 + 8?
1b8b
In base 6, what is -2 + 14014324?
14014322
In base 3, what is -122001 + -100012?
-222020
In base 4, what is 30211 + 10?
30221
In base 16, what is 4f2 + -2e?
4c4
In base 7, what is 5 + -52100?
-52062
In base 6, what is 31 + 141055?
141130
In base 10, what is 0 + -82290?
-82290
In base 5, what is 2400 + -100041?
-42141
In base 6, what is -2502 + 2111?
-351
In base 3, what is -222020100 + -10?
-222020110
In base 16, what is -f + -40?
-4f
In base 13, what is -19 + -740?
-759
In base 11, what is -36 - -273?
238
In base 12, what is 5 + 11198?
111a1
In base 15, what is 61 + 14?
75
In base 10, what is 20721 - 0?
20721
In base 8, what is -147421 + -22?
-147443
In base 5, what is 322 + -423?
-101
In base 5, what is 1314 + -100040?
-43221
In base 9, what is -2380612 - 2?
-2380614
In base 3, what is -10020211102 + 122?
-10020210210
In base 7, what is -13 - -104451?
104435
In base 5, what is 33203323 - -3?
33203331
In base 10, what is -1915 + 0?
-1915
In base 14, what is -50b + 1a8?
-343
In base 10, what is -27921 + -1?
-27922
In base 4, what is -13031220 - 10?
-13031230
In base 3, what is -10211 + 102112012?
102101101
In base 14, what is 494b30 - 2?
494b2c
In base 8, what is -2 - -22467?
22465
In base 7, what is 10232524 - -4?
10232531
In base 11, what is 42 - 626?
-594
In base 14, what is 8d - 3aa?
-31b
In base 10, what is -15 - 13802?
-13817
In base 14, what is 1 - -706b0?
706b1
In base 13, what is -1898b + 43?
-18948
In base 8, what is 47 + 244350?
244417
In base 13, what is -287 + -1a?
-2a4
In base 5, what is -20 - 3334042?
-3334112
In base 3, what is -101 + -102021011?
-102021112
In base 3, what is -10120110 + -10?
-10120120
In base 6, what is 1303 + -212?
1051
In base 15, what is -396bc - -1a?
-396a2
In base 10, what is 1619 + -552?
1067
In base 8, what is -2543 - -7?
-2534
In base 13, what is 174 + -548?
-3a4
In base 5, what is -241 - 1330144?
-1330440
In base 12, what is 3a054 + -3?
3a051
In base 11, what is 12 - -8318?
832a
In base 6, what is -20 - -31210?
31150
In base 9, what is 32 - -70456?
70488
In base 12, what is -22 - 2159?
-217b
In base 3, what is -1001202221 - 2222?
-1001212220
In base 16, what is 1fa6 + -d?
1f99
In base 9, what is -244 + 2485?
2241
In base 8, what is -77256 + -53?
-77331
In base 4, what is -11103 - 13301?
-31010
In base 15, what is -99 - 55de?
-5688
In base 8, what is -541706 - 0?
-541706
In base 2, what is -110011101001101110 + -1?
-110011101001101111
In base 7, what is 5441305 - 2?
5441303
In base 2, what is -1101100011001 + 10101?
-1101100000100
In base 4, what is 1112 + -1003020?
-1001302
In base 12, what is -13692a9 - 2?
-13692ab
In base 2, what is -110001101010 + 1000111?
-110000100011
In base 16, what is 9 + 1655?
165e
In base 14, what is 2d1 + 15?
306
In base 6, what is -1 + 424211?
424210
In base 7, what is -351 - -1644?
1263
In base 7, what is -3511 - -1364?
-2114
In base 13, what is -7b + 396?
318
In base 6, what is 1 + -54151?
-54150
In base 2, what is -110110 + -110010?
-1101000
In base 6, what is -151 + -1434?
-2025
In base 13, what is -254 - 47?
-29b
In base 14, what is 704d7c - 2?
704d7a
In base 6, what is 10210 - -24?
10234
In base 9, what is 6 + 7344?
7351
In base 12, what is 26 + 918?
942
In base 16, what is 6207b - 1?
6207a
In base 16, what is aa7 - 1b?
a8c
In base 12, what is -548 - 3ba?
-946
In base 9, what is -283748 + 0?
-283748
In base 15, what is -1 + -1c487?
-1c488
In base 12, what is 6b22 + 1b?
6b41
In base 3, what is -1001110100121 - -10?
-1001110100111
In base 10, what is -24 + 676?
652
In base 8, what is 30 - -124566?
124616
In base 9, what is 10 + -327?
-317
In base 15, what is 7be - -32?
801
In base 16, what is -f9 + 25?
-d4
In base 2, what is -10 + -1100000010011000?
-1100000010011010
In base 8, what is 40 + -7024?
-6764
In base 10, what is 35100 - -1?
35101
In base 2, what is -111000101100110 - -1001010?
-111000100011100
In base 14, what is -6